-3*g, -l*g + 7 = -2*b - 3. Calculate the remainder when -3 + 19 + b + -2 is divided by 8.
7
Calculate the remainder when (-4)/6*45/6 - -148 is divided by 37.
32
Let h(d) = 12*d + 13. Let c(j) = 13*j + 14. Let x(a) = 6*c(a) - 5*h(a). Calculate the remainder when x(5) is divided by 37.
35
Let l(m) = m**3 - 9*m**2 + 13. Let z(k) = -3*k**3 + 26*k**2 + k - 39. Let y(w) = 8*l(w) + 3*z(w). What is the remainder when y(6) is divided by 2?
1
Let f = -11 + 18. Let r(n) = 7 - 8*n - 13 + 6 + f. Calculate the remainder when r(-3) is divided by 17.
14
Suppose -p - 383 = -g, 5*g - 4*p - 2019 = -101. Let s = -70 - -140. Suppose -s = -4*j + g. What is the remainder when j is divided by 29?
27
Let a = 228 + -215. What is the remainder when a is divided by 12?
1
Suppose 6*f + 11*f - 4692 = 0. Calculate the remainder when f is divided by 9.
6
Let v(u) = 22*u**3 + 4*u**2 - 6*u + 1. What is the remainder when 54 is divided by v(1)?
12
Let r = 8 + 27. Suppose -2*p = 0, 7*h - 3*p = 2*h + 60. Calculate the remainder when r is divided by h.
11
Let d = 651 - 603. Calculate the remainder when 815 is divided by d.
47
Suppose 3*x + 5*h + 96 = 7*x, 2*x - 26 = -3*h. Let v = 255 - 201. What is the remainder when v is divided by x?
16
Let w(z) = 42*z - 20. Let a(u) = -21*u + 10. Let k(j) = 13*a(j) + 6*w(j). Calculate the remainder when k(-10) is divided by 37.
35
Let g(l) = -l + 12. Let i be g(-14). Let b = i + -21. Let j = 4 + b. What is the remainder when 15 is divided by j?
6
Let j = 62 - 22. What is the remainder when 99 is divided by (-253)/(-5) + 16/j?
48
Let l = -46 + 76. Let m = l - 11. What is the remainder when m is divided by -1*-6*4/6?
3
Let v = -246 + 279. Calculate the remainder when 127 is divided by v.
28
Let t = 1138 - 1118. What is the remainder when 178 is divided by t?
18
Let v = 8 + -4. Let z = -40 - -36. What is the remainder when (-6)/z + 171/18 is divided by v?
3
Let b = 36 - 5. Suppose b*l - 90 = 28*l. Calculate the remainder when (2/4)/(4/696) is divided by l.
27
Let d = -13 - -25. Suppose -85 = -f - u, -13*f + 109 = -d*f - 5*u. What is the remainder when f is divided by 26?
11
Let p = 108 - -47. Suppose -4*l + j + 50 = -p, 0 = 3*l + 3*j - 135. Calculate the remainder when l is divided by 17.
16
Let m(d) be the second derivative of -d**3/6 - 2*d**2 + 5*d. Let c be m(-2). What is the remainder when 27 is divided by 9 - c/(2/1)?
7
Let a(u) = 4*u + 35. Let g be a(-10). Calculate the remainder when 69 is divided by (g - (3 - 45))*1.
32
Let f = 18 - 13. Let v(p) = 41 - f*p + 39 - 83. What is the remainder when 11 is divided by v(-2)?
4
Let t(a) = 3*a**2 + 9*a + 13. Calculate the remainder when 222 is divided by t(-2).
5
Let g(n) = 12*n + 512. What is the remainder when g(-22) is divided by 69?
41
Let z be (8/(-6))/((-51)/9 - -5). Suppose z = 2*n + 3*k - 9, 0 = -5*n + 4*k + 16. Calculate the remainder when 5 is divided by n.
1
Let i = -23 + 43. Suppose 4*j + 4 = 0, -4*z - j + i = -119. What is the remainder when 103 is divided by z?
33
Suppose -2*l + 6*l - 28 = 0. Let c(t) = 6 - l + 8 + t**2 - 4*t. What is the remainder when 59 is divided by c(5)?
11
Let o(p) = -5*p + 21. Let l be o(4). Calculate the remainder when 62 is divided by l/(-2) - (-2 - 116/8).
14
Let o = 9 - -6. Let z(d) = -d - 32. What is the remainder when o is divided by z(-37)?
0
Let n be (-2)/(-10) - 518/(-35). Suppose -f + 7*o = 2*o - n, 2*o = 8. What is the remainder when 174 is divided by f?
34
Suppose -25 = -4*w + l, -l + 0*l + 10 = 3*w. What is the remainder when 12 is divided by w?
2
Let s = 3 + -1. Suppose s*v = 2 + 8. Suppose 0 = 2*m, -v*t + 3*m - 272 + 907 = 0. Calculate the remainder when t is divided by 26.
23
What is the remainder when 47 is divided by (0 + 3/(-6))/((-7)/140)?
7
Let g = 898 - 869. What is the remainder when 36 is divided by g?
7
Let h = 80 - 50. Let w = 2609 + -2598. Calculate the remainder when h is divided by w.
8
Let i = 436 + -369. What is the remainder when i is divided by 10?
7
Let q = -1 + 3. Suppose -12 = -3*l, 4*s = -q*l - l + 84. Suppose 3*n - d - 84 - 76 = 0, 5*n = -d + 256. What is the remainder when n is divided by s?
16
What is the remainder when ((-2)/6)/(2 + 1685/(-840)) is divided by 38?
18
Suppose 0 = -y, y + 25 = j - 3*y. Suppose 79*p + 65 = 84*p - 4*t, -19 = -p + 2*t. Calculate the remainder when j is divided by p.
7
Suppose -5*c + 3*z + 3768 = 0, z + 1508 = 2*c - 0*z. What is the remainder when c is divided by 20?
16
Suppose 0 = -3*h - w + 59, 2*w + w + 3 = h. Let b = -3 + h. What is the remainder when 72 is divided by b?
12
Let l be (-224)/140*15/6. Let h(u) be the third derivative of u**5/20 + u**4/12 - 5*u**3/6 + u**2. What is the remainder when h(l) is divided by 19?
16
Suppose -631 = 9*h - 1558. What is the remainder when h is divided by 11?
4
Let g(d) = -d**2 + 7*d - 26. Let f be g(4). Let l be 5*(0 - 1)*-1. Let m = l - f. Calculate the remainder when 53 is divided by m.
15
Let n = -538 + 549. What is the remainder when 130 is divided by n?
9
Let y(n) = -n**3 - 5*n**2 - n + 16. Let u(f) = 2*f**3 - 7*f**2 + 5*f + 3. What is the remainder when u(4) is divided by y(-5)?
18
Suppose 0 = 5*p - 4*a - 349, -3*p + 4*a = 7*a - 231. What is the remainder when 209 is divided by p?
63
Suppose s = 3*l + 6, -2*s - 14 = -4*s + 4*l. Calculate the remainder when 97 is divided by s.
7
Let o = -1320 + 2175. What is the remainder when o is divided by 107?
106
Let h(l) = -10*l + 10. What is the remainder when h(-6) is divided by -1 + 7/(32/6 - 5)?
10
Suppose -28 = -3*p - p. Let v(s) = -s**3 + 8*s**2 + 9*s - 4. Let j be v(p). Suppose 0 = -7*f + 3*f + j. What is the remainder when f is divided by 10?
7
Let f = -30 + 76. Suppose f = 3*i - i. Let h = i - 11. Calculate the remainder when h is divided by 7.
5
Let k be 2*(-3 - -2) - -2. Suppose k*m - 23 = -a - 2*m, -a - m = -28. What is the remainder when a is divided by 12?
9
Let v(q) = -3*q + 17. Let s be v(7). Let m(o) = 2*o**2 + 4*o - 3. Calculate the remainder when 35 is divided by m(s).
9
Suppose 0 = -2*s + 5 - 1. Suppose -3*j = s*h - 65, -5*j + 4*h - 9 = -110. Calculate the remainder when 82 is divided by j.
19
Suppose -q + 4*q - 44 = 5*a, 35 = 3*q + 4*a. Let s(r) = 9*r. Suppose -4*b + 29 = 13. What is the remainder when s(b) is divided by q?
10
Suppose -5*b + 0*b = 0. Suppose y - 3*y = b. Suppose -16 = -t - y. Calculate the remainder when 45 is divided by t.
13
Let s be (-1)/4 + 39/(-4). Suppose 7*z = 12*z - 15, z + 1 = -f. Let r = f - s. Calculate the remainder when 23 is divided by r.
5
Let k = -3 + 16. Let m = -48 + 50. Suppose 2*o - 75 = -3*r - 6, -4*r + 106 = -m*o. Calculate the remainder when r is divided by k.
12
Let r = 40 + -18. Let p(v) = -6*v - 6. Let d(y) = 5*y + 5. Let o(g) = 5*d(g) + 4*p(g). Calculate the remainder when r is divided by o(5).
4
Suppose 32*i + 713 = 55*i. Calculate the remainder when 68 is divided by i.
6
Suppose 10*h - 4709 = -7*h. What is the remainder when h is divided by 40?
37
Let p = 2236 - 1784. Calculate the remainder when p is divided by 35.
32
Let g = 36 - -42. Suppose -5*y - 264 = -38*y. What is the remainder when g is divided by y?
6
Suppose 4*d = -3*t + 559, 0*t + t - 1133 = -8*d. Calculate the remainder when 989 is divided by d.
137
Suppose -119*s = -120*s + 11. Calculate the remainder when 49 is divided by s.
5
Suppose 2*j - 75 = 7. Suppose -2*p = -4*s - 254, 7*s - 191 = -5*p + 376. What is the remainder when p is divided by j?
37
Suppose -3*v - 2*u = -526, 0*v - 3*v + 5*u = -491. Let n = v - 81. Let l = 42 + -19. What is the remainder when n is divided by l?
22
Let s(x) = x**3 - 21*x**2 - 21*x + 31. What is the remainder when 300 is divided by s(22)?
35
Let o(f) = 2*f**2 + 10*f - 8. Let u be o(-5). Let g(a) = -2*a + 1. What is the remainder when 33 is divided by g(u)?
16
Let h = -1166 + 1403. What is the remainder when h is divided by 62?
51
Suppose 3*z - 2*q - 2*q = 594, -4*q + 376 = 2*z. Let d(r) = r**3 - 2*r**2 - z + r**3 + 190 - 2*r. What is the remainder when d(3) is divided by 10?
6
Let l = -384 + 836. Calculate the remainder when l is divided by 12.
8
Suppose 0 = 5*l - 4*l + 3*f - 336, l - 5*f = 360. What is the remainder when l is divided by 58?
55
Let j(f) = -10*f**2 + f. Let d be j(-5). Let i = 373 + d. What is the remainder when i is divided by 30